ulate a(6).
-233
Let r(y) = 4*y**2 + 37*y - 195. Give r(5).
90
Let i(o) = -o**2 + 5*o + 67. Determine i(9).
31
Let g(c) = -c**2 + 185*c + 383. What is g(-2)?
9
Let g(l) = 689*l - 3386. Give g(5).
59
Let a(i) = 3*i**3 - 3*i**2 + 16*i - 32. Give a(4).
176
Let z(h) = -11*h**2 + 205*h - 400. What is z(2)?
-34
Let n(o) = o**3 - 19*o**2 + 24*o + 2. Give n(18).
110
Let g(n) = 412*n + 11529. Determine g(-28).
-7
Let h(p) = 27*p**3 - 6*p**2 - 176*p + 182. What is h(1)?
27
Let m(d) = d**3 + 25*d**2 - 13*d - 24. Give m(-25).
301
Let t(j) = -16*j + 44. Calculate t(-5).
124
Let m(v) = 15*v**3 + 6*v**2 - 15*v + 2. Determine m(2).
116
Let i(t) = -8*t**3 - 25*t**2 - 28*t - 3. Calculate i(-1).
8
Let v(s) = 81*s + 137. Give v(-4).
-187
Let p(w) = -4*w**2 + 486*w - 1885. Determine p(4).
-5
Let b(s) = 3*s**3 - 31*s**2 + 72*s - 38. What is b(2)?
6
Let j(v) = -2*v**3 + 13*v**2 + 20*v - 25. Give j(7).
66
Let g(a) = 7*a**3 + 40*a**2 + 19*a + 52. Give g(-6).
-134
Let u(k) = k**2 - 424*k - 13132. Calculate u(-29).
5
Let v(y) = 2*y**2 - 126*y + 530. Calculate v(59).
58
Let u(z) = -3*z**2 + 26*z - 18. Calculate u(5).
37
Let g(n) = 448*n + 14777. Calculate g(-33).
-7
Let u(o) = 15*o**3 + 196*o**2 + 43*o + 369. Give u(-13).
-21
Let q(f) = -f**3 - 34*f**2 - 139*f + 171. Calculate q(-29).
-3
Let m(b) = -b**2 - 134*b + 568. Give m(4).
16
Let s(c) = -25*c - 131. Determine s(-4).
-31
Let p(b) = -39*b - 697. Give p(-18).
5
Let a(y) = -9*y**3 - 6*y**2 + 68*y + 275. Give a(-4).
483
Let v(o) = -o**3 + 10*o**2 + 56*o + 29. Give v(14).
29
Let i(c) = -96*c + 535. What is i(5)?
55
Let u(b) = -b**3 + 8*b**2 + 25*b - 40. Calculate u(10).
10
Let r(n) = -n**2 + 30*n + 967. What is r(45)?
292
Let f(x) = 288*x + 5218. Give f(-18).
34
Let r(n) = -81*n - 126. Give r(-6).
360
Let h(b) = 59*b**2 + 17*b + 18. Calculate h(-1).
60
Let g(q) = -q**3 + 14*q**2 - 41*q - 11. Give g(10).
-21
Let b(d) = -93*d + 169. Give b(1).
76
Let h(g) = -148*g + 553. Determine h(8).
-631
Let b(y) = -8*y - 159. Calculate b(-14).
-47
Let y(d) = -7*d - 326. What is y(-32)?
-102
Let m(i) = -48*i + 82. Give m(2).
-14
Let u(p) = -4*p**2 - 13*p + 19. Calculate u(7).
-268
Let a(r) = 2*r**2 + 79*r - 548. Calculate a(-46).
50
Let b(i) = i**3 + 28*i**2 + 73*i - 48. Calculate b(-25).
2
Let k(m) = 95*m + 212. Calculate k(-6).
-358
Let y(b) = -b**2 + 39*b + 193. Determine y(44).
-27
Let u(k) = -135*k**2 + 4318*k + 55. Calculate u(32).
-9
Let m(o) = -747*o + 13448. What is m(18)?
2
Let x(k) = -22*k**3 + 5*k**2 + 2*k - 1. Determine x(-2).
191
Let o(u) = 703*u - 11969. What is o(17)?
-18
Let j(v) = -6496*v - 45497. Calculate j(-7).
-25
Let m(r) = 2*r**3 + 40*r**2 + 5*r + 8. Give m(-20).
-92
Let z(g) = -g + 119. Give z(5).
114
Let v(l) = -l**2 + 27*l - 153. Determine v(8).
-1
Let u(k) = -790*k + 772. Calculate u(1).
-18
Let n(h) = -15*h + 1418. Determine n(96).
-22
Let v(p) = 6*p**2 + 4*p + 43. Give v(-9).
493
Let k(z) = z**2 - 4*z + 6. Give k(4).
6
Let l(t) = 7*t**2 - 36*t + 137. What is l(10)?
477
Let p(o) = 9*o**2 - 3*o - 1. Calculate p(5).
209
Let v(i) = -11*i**2 + 23*i + 22. Determine v(-1).
-12
Let z(i) = -i**2 - 10*i + 39. Determine z(-21).
-192
Let k(m) = -29*m - 525. What is k(-19)?
26
Let q(x) = x**2 - 73*x - 375. Determine q(-5).
15
Let p(d) = -36*d + 62. What is p(17)?
-550
Let v(b) = -3*b**2 + 25*b + 145. Calculate v(-5).
-55
Let b(k) = 3*k**2 - 56*k + 242. Determine b(10).
-18
Let v(x) = -2*x**3 + 6*x**2 - 4*x + 4. Calculate v(7).
-416
Let o(t) = 34*t - 1227. What is o(37)?
31
Let n(y) = 1295*y + 11665. Calculate n(-9).
10
Let o(w) = 7*w**2 + 928*w - 928. Determine o(1).
7
Let l(k) = 12*k + 36. Give l(12).
180
Let f(z) = -1560*z + 3141. Give f(2).
21
Let x(h) = h**3 - 5*h**2 + 14*h - 15. Give x(-6).
-495
Let x(v) = -5*v**2 + 135*v + 18. Calculate x(27).
18
Let m(a) = 316*a - 319. Give m(1).
-3
Let h(f) = 3*f**3 + 12*f**2 - 66*f - 8. Give h(-7).
13
Let g(s) = 7*s - 15. Give g(-14).
-113
Let l(a) = -2*a**3 + 113*a**2 - 51*a - 153. Give l(56).
127
Let g(i) = -i**3 + 12*i**2 + 10*i + 11. Determine g(6).
287
Let n(t) = 3*t**3 + 19*t**2 + 17*t - 20. Determine n(-5).
-5
Let h(n) = n**2 - 1917*n + 9561. What is h(5)?
1
Let q(b) = -4*b**2 - 3*b - 20. Give q(-3).
-47
Let u(c) = 90*c**2 + 907*c + 21. What is u(-10)?
-49
Let l(h) = 3*h**2 - 21*h + 12. Calculate l(-3).
102
Let i(s) = 23*s + 80. Determine i(-3).
11
Let w(l) = -699*l - 673. Determine w(-1).
26
Let u(i) = -i**3 - 18*i**2 + 76*i - 1625. Calculate u(-24).
7
Let w(j) = j**2 - 28*j - 54087. Give w(-219).
6
Let o(y) = 2*y**2 - 20*y + 187. Determine o(10).
187
Let d(j) = j**2 - 26*j - 127. Give d(35).
188
Let h(z) = -35*z - 2348. Calculate h(-68).
32
Let v(f) = 97*f + 5. Calculate v(1).
102
Let y(a) = 8*a**2 + 3*a - 34. Determine y(-6).
236
Let q(t) = t**2 - 726*t + 62592. Calculate q(100).
-8
Let h(v) = -54*v**2 - 1074*v + 119. Determine h(-20).
-1
Let g(s) = 189*s + 194. What is g(-1)?
5
Let f(g) = 369*g + 74532. Calculate f(-202).
-6
Let q(w) = 3*w**2 - 93*w - 49. Determine q(33).
149
Let i(y) = 33*y + 242. Determine i(-10).
-88
Let y(v) = -515*v - 152950. What is y(-297)?
5
Let x(c) = -48*c**2 - 8*c + 11. Calculate x(2).
-197
Let r(t) = -2*t - 45. Determine r(-21).
-3
Let z(o) = 4*o**3 - 5*o**2 - 6*o - 5. Determine z(-1).
-8
Let p(b) = 9*b**3 + 145*b**2 + 18*b + 51. What is p(-16)?
19
Let k(p) = -1253*p - 1270. Give k(-1).
-17
Let q(d) = 22*d**2 + 42*d - 18. Calculate q(-8).
1054
Let i(f) = -13*f + 152. What is i(9)?
35
Let k(f) = -35*f + 42. Give k(-3).
147
Let b(a) = a**3 - 268*a**2 - 3362*a + 556. Give b(280).
-4
Let s(l) = -52*l**3 + 11*l**2 + 14*l + 4. Calculate s(-1).
53
Let q(b) = -3*b**2 + 20*b - 41. Determine q(2).
-13
Let v(p) = p**3 + 27*p**2 + 148*p + 4. Determine v(-17).
378
Let c(v) = 35*v**2 - 9*v + 9. Give c(1).
35
Let o(y) = 20*y**2 + 75*y + 9. What is o(-4)?
29
Let c(v) = 11*v**2 - 140*v + 138. Give c(1).
9
Let a(l) = -5*l**3 + 54*l**2 - 84*l - 222. Calculate a(8).
2
Let r(v) = -v**2 - 56*v + 4396. Calculate r(44).
-4
Let h(s) = -247*s - 1927. Calculate h(-9).
296
Let z(g) = -2*g**3 - 11*g**2 - 9*g + 14. What is z(-4)?
2
Let t(o) = -o**3 + 6*o**2 + 46*o - 213. Give t(4).
3
Let y(f) = 12*f + 60. Give y(10).
180
Let d(z) = 597*z + 2358. What is d(-4)?
-30
Let j(a) = 13*a + 301. Give j(0).
301
Let a(g) = -g**3 + 5*g**2 + 64*g - 314. Determine a(8).
6
Let n(u) = 3*u**2 + 3632*u - 14571. Give n(4).
5
Let t(k) = 102*k - 794. Give t(8).
22
Let r(f) = 2*f**2 - 45*f + 93. Give r(20).
-7
Let r(p) = p**2 - 34*p - 439. Calculate r(-10).
1
Let u(y) = -3*y**2 + 246*y + 1758. Calculate u(-7).
-111
Let l(f) = -4*f + 335. Calculate l(86).
-9
Let j(k) = -36*k - 1422. What is j(-36)?
-126
Let x(t) = t**2 - 10*t - 154. What is x(19)?
17
Let h(c) = -9*c**3 - c**2 + 11*c - 13. Determine h(1).
-12
Let o(j) = -7*j - 96. Calculate o(-21).
51
Let n(d) = -3*d - 184. What is n(-11)?
-151
Let f(j) = 60*j + 533. Give f(-9).
-7
Let r(g) = -13*g + 57. Determine r(1).
44
Let f(l) = 3*l**2 + 60*l + 237. What is f(-5)?
12
Let t(u) = -u**3 - 68*u**2 - 516*u - 26. Determine t(-8).
262
Let k(n) = -113*n + 16. Determine k(-1).
129
Let z(n) = 2*n**2 + 31*n + 40. Determine z(-12).
-44
Let v(z) = -87*z**2 - 15*z - 13. Give v(-2).
-331
Let i(f) = -2*f**2 + 39*f - 202. What is i(13)?
-33
Let r(w) = 2*w**2 + 500*w + 5263. Determine r(-11).
5
Let t(u) = -u**3 - 6*u**2 - 36*u - 21. What is t(-8)?
395
Let g(v) = v**2 + 334*v + 20481. Determine g(-253).
-12
Let l(i) = -3*i**2 - 25*i + 515. What is l(-18)?
-7
Let h(l) = 3*l**2 + 34*l + 158. Give h(-14).
270
Let c(t) = -t**3 + 22*t**2 - 56*t - 30. Calculate c(19).
-11
Let r(y) = 2*y**3 + 120*y**2 + y + 66. Calculate r(-60).
6
Let z(v) = -v**3 + 29*v**2 - 22*v + 2592. Calculate z(31).
-12
Let t(n) = -193*n + 2320. Give t(12).
4
Let k(s) = 152*s - 106. What is k(1)?
46
Let x(f) = -68*f - 1091. Calculate x(-16).
-3
Let h(s) = -s**3 + 12*s**2 - 17*s - 9. Give h(10).
21
Let o(u) = -24*u - 791. Calculate o(-32).
-23
Let o(r) = -11*r + 564. What is o(52)?
-8
Let y(x) = -5*x**3 + 35*x**2 + 13*x + 16. Give y(6).
274
Let t(v) = v**3 + 7*v**2 - 63*v + 203. Give t(-13).
8
Let f(x) = 10*x**3 + 182*x**2 + 37*x - 32. What is f(-18)?
-50
Let b(n) = -4*n**2 + 210*n - 162. Give b(52).
-58
Let r(n) = -2*n**2 + 33*n - 47. Calculate r(14).
23
Let k(m) = 3120*m + 18724. C